 b - 8. What is h(x)?
-4
Let g(d) = -6*d - 8. Let v(a) = -5*a - 7. Let k(r) = 3*g(r) - 4*v(r). Let y = 3 + -8. Calculate k(y).
-6
Let n(u) be the first derivative of u**2/2 + u - 54. Give n(6).
7
Let h(v) = -2*v**2 - 11*v - 9. Let n(t) = t**2 + 6*t + 5. Let k(j) = -3*h(j) - 5*n(j). Give k(-4).
6
Suppose 2*z - 10 + 2 = 0. Suppose -2*m + 4 + z = -2*k, -29 = 4*m + 5*k. Let s(n) be the second derivative of 5*n**4/12 + 27*n. Determine s(m).
5
Let q = -10 - -16. Let l = 7 - q. Let z(o) = 5*o + 1. What is z(l)?
6
Let d(w) = w**3 - 8*w**2 + 7*w + 4. Let m = 23 + -33. Let j(x) = -x**3 - 10*x**2 - x - 3. Let u be j(m). Calculate d(u).
4
Suppose 5*l + 3*y = -21, 0 = y - 5*y - 8. Let t be ((-10)/(-6))/5*l. Let o(v) = 7*v + 1. Determine o(t).
-6
Suppose -p + 3*p = -4*v + 40, -4*v + p + 40 = 0. Let i(c) = -c**2 + 10*c - 1. Calculate i(v).
-1
Let u be -5*(-2)/5 - 1/1. Let n(r) = 4*r**2 + 1. What is n(u)?
5
Suppose 7 = 5*y - 18, 26 = 2*u + 2*y. Let l(b) = b**3 - 9*b**2 + 7*b + 6. Let g be l(u). Let c(k) = -k - 1. Give c(g).
1
Let f(c) be the second derivative of -c**5/20 + c**4/3 + 3*c**2 + 2*c. Let s(z) = z + 1. Let j(l) = -f(l) + 4*s(l). Determine j(4).
14
Suppose 3*a = 2*a + 2. Suppose 5*n + 2*t = 9, -a*n + 8 = -t - 1. Suppose 0 = -n*i + 4*i. Let k(q) = -q - 5. What is k(i)?
-5
Let u(n) = n**3 + 3*n**2 - 6*n - 1. Let g = 31 - 15. Let s = 12 - g. Calculate u(s).
7
Let b = -50 + 55. Let u(i) = -3*i**3 + i + 4*i**3 - 5*i**2 + 0*i**2 - 6. Calculate u(b).
-1
Let u(y) = 27*y**2 - 2 - y + 3 - 32*y**2 - 2*y - y**3. Let x(w) = -w**3 + 5*w**2 - w + 1. Let s be x(5). Determine u(s).
-3
Let v(u) = -u**2 - 4*u + 5. Let r be 27/1 - (7 - 5). Suppose 4*s - 25 = 5*m, -s = 5*m - 0*s + r. Determine v(m).
0
Let a(u) be the second derivative of -u**5/20 + 5*u**4/12 + 4*u**3/3 - 7*u**2/2 - 37*u. What is a(6)?
5
Let o(c) = c**3 - 16*c**2 + 14*c + 20. Let p be o(15). Suppose -p*g + 44 - 9 = 0. Let i(u) = -u**3 + 6*u**2 + 5*u + 8. What is i(g)?
-6
Let f(x) be the third derivative of -1/6*x**3 + 0 + 1/15*x**5 + 0*x - 5*x**2 + 1/12*x**4. What is f(1)?
5
Let d(r) = r. Let m(l) = l**3 - 10*l**2 + 1. Let j be m(10). Suppose -5 = -4*b - p, -2*b + 4*p = -j + 3. Give d(b).
1
Let j(k) = -k**2 - 9*k - 11. Let b(x) = -x**3 + 9*x**2 - 2*x + 10. Let t be b(9). Give j(t).
-3
Suppose 15*f = 128 - 8. Let y(m) = -m**2 + 8*m - 6. Determine y(f).
-6
Let j(k) = -k**2 - 12*k - 7. Let a(x) = -2*x + 5. Let q be a(8). Let v be j(q). Suppose v + 8 = 2*t. Let z(c) = c**3 - 5*c**2 - 4*c - 7. Determine z(t).
5
Let j = 205 + -210. Let g(k) = 0*k**2 - 1 - 6 + k**2 + 4*k. Determine g(j).
-2
Let x(s) = -s**2 - 5. Let j(n) = -1. Let b(u) = 4*j(u) - x(u). Suppose -2*f - 1 = -5*a - 5, -4*f = -8. Give b(a).
1
Let v(z) = z**3 + z**2 - 3*z - 1. Let y(j) = -5*j + 8. Let l(d) = -9*d + 15. Let x(o) = 4*l(o) - 7*y(o). Let f be x(6). Give v(f).
1
Let n(r) be the first derivative of -r**2/2 + 6*r - 2. Let x be 11/2 + 4/8. Calculate n(x).
0
Let z(y) = y**3 - 7*y**2 + 3*y - 8. Let h be 5 - (3 + (-4 - 1)). What is z(h)?
13
Let u(o) = 56*o**2 - 21*o - 16. Let d(f) = 11*f**2 - 4*f - 3. Let t(v) = -11*d(v) + 2*u(v). Calculate t(-1).
-10
Suppose 7*w + 15 = 2*w. Let x = 3 - w. Let f(q) = -q**2 + 5*q + 1. Determine f(x).
-5
Let t = 11 + -14. Let f = t - -5. Let l(v) = v**2 - v - 1. Give l(f).
1
Suppose -2*j = -2 + 4. Let s(u) be the second derivative of -3*u**3/2 + u**2/2 + 5*u - 4. Give s(j).
10
Suppose -4*q = 15 + 13. Let t(y) = -4 - y - 6 + 0 + 0. Let s be t(q). Let x(i) = -i**2 - 6*i. Determine x(s).
9
Let q(l) be the third derivative of 1/12*l**4 + 4*l**2 - 1/3*l**3 + 0 + 1/30*l**5 + 0*l. Calculate q(-3).
10
Let m(w) = -w - 8. Let f(j) = -j - 7. Let g(k) = 5*f(k) - 4*m(k). Determine g(-6).
3
Let x(n) = -n**3 - 6*n**2 - 2*n - 8. Let m(v) = 12*v**3 - v**2 + 1. Let i be m(1). Suppose 4*c = 0, -2*y - 2*c = 2*c + i. What is x(y)?
4
Let k(c) = -6 + c + 0 + 1. Let a = 11 + -11. Suppose -2*f + a*f - 2 = 0, 5*g - f = 16. What is k(g)?
-2
Let w = -49 - -44. Let k(h) be the first derivative of -h**4/4 - 4*h**3/3 + 2*h**2 - 4*h + 1. Calculate k(w).
1
Let k(i) = -10*i**3 - 15*i**2 + 15*i - 15. Let w(q) = -q**3 - q**2 + q - 1. Let s(l) = 2*k(l) - 30*w(l). Let o be 5/((-10)/4) - -3. Determine s(o).
10
Let p(q) = 46*q**2 - 24*q**2 - 23*q**2 - 4 + 9*q. Give p(6).
14
Let f be (-4)/(-10)*90/12. Let s(n) be the second derivative of 1/2*n**2 + 1/6*n**4 + 2/3*n**f - 2*n + 0. Determine s(-3).
7
Let w(p) = -11*p**2 - 3*p - 5. Let s(t) = 5*t**2 + 2*t + 3. Let j(i) = -9*s(i) - 4*w(i). Suppose -2*v + 3*v + 5 = 0. Determine j(v).
-2
Let i(f) = -7 - 7*f - 3*f**2 + 2*f**2 + 3*f. Calculate i(-6).
-19
Let l(u) = 23 - u**3 + 3*u + u - 25. What is l(3)?
-17
Let r(v) = 3*v**2 - 12*v - 8. Let j(p) = p**2 - 4*p - 3. Let d(u) = 17*j(u) - 6*r(u). Suppose -n + 5*s = 11, 3*s + 2 = 2*n + s. Give d(n).
-3
Let y(g) = -2*g**2 - 5*g - 4. Let k be 4/18 - (-11)/(-9). Let v = k - -3. Suppose -3*d + v*d = 3. Determine y(d).
-7
Let w(u) = -5*u**3 + 6*u**2 - 2*u + 7. Let c(k) = 4*k**3 - 6*k**2 + k - 6. Let d be ((-42)/(-35))/((-2)/(-10)). Let b(y) = d*c(y) + 5*w(y). What is b(-5)?
-6
Suppose -5*z + z + 8 = 0. Suppose -r + 4 = -w, r = -z*w - 0 - 2. Let l(n) = 7*n - 2. Determine l(r).
12
Suppose -5*f = -36 - 14. Suppose 3*j = -f + 1. Let c(v) = v**2 + 5*v + 2. What is c(j)?
-4
Let t(y) = -y**3 + 6*y**2 - y + 6. Let d(p) be the second derivative of -p**5/20 - p**4/2 - 5*p**3/6 + 3*p**2 + p. Let l be d(-5). Calculate t(l).
0
Suppose 4*r - 5 = 7*r - 5*m, -7 = -3*r + 2*m. Let s(j) = j - 2. What is s(r)?
3
Let n(h) = h - 17. Let j be n(14). Let t(l) = -l - 1. Give t(j).
2
Suppose -9 = -5*u + 2*a, 5*a = 4*u - 0*a + 3. Let v(r) = -4*r + u*r - 4*r + r + 5. Calculate v(4).
-11
Let x(z) be the first derivative of -3*z**2/2 - 6*z - 2. Let c = -2 + 10. Suppose 10*y - c*y = -8. Determine x(y).
6
Let p(u) = u**3 - 3*u**2 + u - 2. Let o(x) = 2*x - 4. Suppose -3*c + 4 = -11. Let a be o(c). Suppose 4*k - a = 2*k. Give p(k).
1
Let t be (3/(-2))/(9/12). Let m(w) = -w**2 + w - 1. Let a(c) = c**3 + 7*c**2 - 2*c + 6. Let v(p) = a(p) + 4*m(p). Calculate v(t).
2
Let v(f) = 2*f + 1 - 2 + 2*f**2 + 7*f - 5*f. Give v(-3).
5
Let f(s) = -3 + 1 + 3 - 2 - 3*s. Let x(q) = -12*q - 5. Let r(b) = -9*f(b) + 2*x(b). Give r(2).
5
Let o(f) = -f**2 - 5*f - 5. Let z(n) = -n. Suppose -5*y = -1 - 19. Let r be z(y). Give o(r).
-1
Let d(p) = -17 + p + 17. Let u be d(-4). Let c(a) = a**3 + 3*a**2 - 4*a - 2. What is c(u)?
-2
Let o(c) be the third derivative of c**5/60 - c**4/24 - c**3/3 - 69*c**2. Calculate o(-3).
10
Let l(w) be the first derivative of -w**2/2 - 7*w + 5. Let k(t) = -t**2 - 14*t - 18. Let d be k(-13). Determine l(d).
-2
Suppose a = 6*a - 4*x - 5, 25 = a + 4*x. Suppose 5 = -2*i + a*b - 4, 0 = -4*i + 3*b + 3. Let g(p) = p + 1 - i + 3 + 3*p**3. Calculate g(-1).
-3
Suppose 6*y - 3*y - 63 = 0. Let x = -18 + y. Let c(q) = q**3 - 4*q**2. Give c(x).
-9
Let r(g) = -g**3 + 5*g**2 + 7*g - 9. Suppose -39 + 31 = -4*t. Suppose -t*b + 4*x = 4 + 4, -4*x + 44 = 4*b. What is r(b)?
-3
Let i be ((-10)/(-10))/((-1)/(-4)). Let t(s) = -i + 9 - s**2 + s + s**2 + s**3. Give t(0).
5
Let y(q) = 3*q**2 + 4*q**2 - 1 - q**3 - 2*q - 13*q**2 + 4*q**2. Calculate y(-3).
14
Suppose 3*y - 4 - 2 = 0. Suppose -7*r + y*r = 10. Let m(l) = -3*l**2 - l + 1. What is m(r)?
-9
Let x(v) be the second derivative of -v**3/2 - 3*v**2/2 + v. Suppose 3*g + z = -11, 5*z = -5*g - 0*z - 35. Calculate x(g).
3
Let j = 97 + -91. Let b(x) = -x**2 + 8*x - 9. Determine b(j).
3
Let b(o) = -17*o - 1. Suppose -4 - 1 = 5*x. Determine b(x).
16
Let p = 0 - 6. Let n(m) = -m**2 - 6*m + 4. What is n(p)?
4
Let o(v) = 10*v - 51. Let t be o(5). Let i(n) = 9*n**2 + n. Determine i(t).
8
Let g(f) = f**2 - f - 4. Let h(o) = 4*o**3 - 2*o + 1. Let w be h(1). Give g(w).
2
Suppose i - 4 = -r - 2, -5*r = 2*i - 1. Let h(m) = m**2 + m + 1. Give h(r).
1
Let y(i) be the first derivative of i**6/120 + i**5/15 - i**4/6 + i**3/2 + 3*i**2/2 - 5. Let j(a) be the second derivative of y(a). Determine j(-5).
-2
Let c = 1 + 3. Let b(w) be the second derivative of w**5/20 - w**4/3 + w**3/6 + 2*w**2 + 11*w. What is b(c)?
8
Suppose 3 = -4*k + 19. Let b(x) = -9*x + 7. Let r(i) = -4*i + 3. Let q(f) = -6*b(f) + 14*r(f). Calculate q(k).
-8
Let r(h) = 1. Let k(m) = m**3 - m**2 + m - 4. Let p(w) = k(w) - 3*r